{"id":357,"date":"2020-08-24T06:54:14","date_gmt":"2020-08-24T06:54:14","guid":{"rendered":"https:\/\/bomberosfunes.com\/index.php\/about-us\/"},"modified":"2021-09-05T21:08:41","modified_gmt":"2021-09-05T21:08:41","slug":"institucional","status":"publish","type":"page","link":"https:\/\/bomberosfunes.com\/index.php\/institucional\/","title":{"rendered":"INSTITUCIONAL"},"content":{"rendered":"\n<div class=\"wp-block-cover alignfull has-black-background-color has-background-dim has-parallax is-position-center-center uag-hide-tab uag-hide-mob\" style=\"background-image:url(https:\/\/bomberosfunes.com\/wp-content\/uploads\/2021\/08\/WhatsApp-Image-2021-08-05-at-21.14.30-2.jpeg);min-height:400px;aspect-ratio:unset;\"><div class=\"wp-block-cover__inner-container is-layout-flow wp-block-cover-is-layout-flow\">\n<p><\/p>\n<\/div><\/div>\n\n\n\n<div class=\"wp-block-cover alignfull has-black-background-color has-background-dim has-parallax is-position-center-center uag-hide-desktop\" style=\"background-image:url(https:\/\/bomberosfunes.com\/wp-content\/uploads\/2021\/08\/WhatsApp-Image-2021-08-05-at-21.14.30-2.jpeg);min-height:150px;aspect-ratio:unset;\"><div class=\"wp-block-cover__inner-container is-layout-flow wp-block-cover-is-layout-flow\">\n<p><\/p>\n<\/div><\/div>\n\n\n\n<div class=\"wp-block-cover alignfull has-background-dim-60 has-black-background-color has-background-dim has-parallax is-position-center-center\" style=\"background-image:url(https:\/\/bomberosfunes.com\/wp-content\/uploads\/2021\/08\/WhatsApp-Image-2021-08-05-at-21.14.30-2.jpeg);min-height:800px;aspect-ratio:unset;\"><div class=\"wp-block-cover__inner-container is-layout-flow wp-block-cover-is-layout-flow\">\n<p><strong>NUESTRA HISTORIA<\/strong><\/p>\n\n\n\n<h1 class=\"has-white-color has-text-color wp-block-heading\">Desde 1996<\/h1>\n\n\n\n<p style=\"font-size:clamp(14px, 0.875rem + ((1vw - 3.2px) * 0.392), 18px);\">El d\u00eda 6 de Febrero de 1996 el \u201cCuerpo de Bomberos Voluntarios de Funes\u201d&nbsp; pasar\u00eda a constituirse como una Asociaci\u00f3n. Se organiza la misma y se designan los integrantes de la Comisi\u00f3n Directiva junto con los profesionales a cargo.<\/p>\n\n\n\n<div class=\"wp-block-media-text alignwide has-media-on-the-right is-stacked-on-mobile\"><figure class=\"wp-block-media-text__media\"><img loading=\"lazy\" decoding=\"async\" width=\"1024\" height=\"760\" src=\"https:\/\/bomberosfunes.com\/wp-content\/uploads\/2021\/09\/NuevoDocumento-08-03-2021-12.27-Pagina-11-1024x760.jpg\" alt=\"\" class=\"wp-image-25912 size-full\" srcset=\"https:\/\/bomberosfunes.com\/wp-content\/uploads\/2021\/09\/NuevoDocumento-08-03-2021-12.27-Pagina-11-1024x760.jpg 1024w, https:\/\/bomberosfunes.com\/wp-content\/uploads\/2021\/09\/NuevoDocumento-08-03-2021-12.27-Pagina-11-300x223.jpg 300w, https:\/\/bomberosfunes.com\/wp-content\/uploads\/2021\/09\/NuevoDocumento-08-03-2021-12.27-Pagina-11-768x570.jpg 768w, https:\/\/bomberosfunes.com\/wp-content\/uploads\/2021\/09\/NuevoDocumento-08-03-2021-12.27-Pagina-11-1536x1140.jpg 1536w, https:\/\/bomberosfunes.com\/wp-content\/uploads\/2021\/09\/NuevoDocumento-08-03-2021-12.27-Pagina-11-2048x1521.jpg 2048w\" sizes=\"auto, (max-width: 1024px) 100vw, 1024px\" \/><\/figure><div class=\"wp-block-media-text__content\">\n<p class=\"has-text-align-right has-white-color has-text-color\" style=\"font-size:clamp(14px, 0.875rem + ((1vw - 3.2px) * 0.392), 18px);\">El 9 de Abril de 1996 se solicita a la Federaci\u00f3n Santafesina de Asociaciones de Bomberos Voluntarios la remisi\u00f3n de la documentaci\u00f3n correspondiente para incorporar al \u201cCuerpo de Bomberos Voluntarios de Funes\u201d a la misma<\/p>\n<\/div><\/div>\n\n\n\n<p><\/p>\n\n\n\n<p style=\"font-size:clamp(14px, 0.875rem + ((1vw - 3.2px) * 0.49), 19px);\">Luego de unos meses, la primera salida de la dotaci\u00f3n los sorprendi\u00f3 una&nbsp; tarde de Agosto\u2026<\/p>\n\n\n\n<div class=\"wp-block-media-text alignwide is-stacked-on-mobile\" style=\"grid-template-columns:37% auto\"><figure class=\"wp-block-media-text__media\"><img loading=\"lazy\" decoding=\"async\" width=\"764\" height=\"1024\" src=\"https:\/\/bomberosfunes.com\/wp-content\/uploads\/2021\/09\/PicsArt_08-04-04.45.45-764x1024.jpg\" alt=\"\" class=\"wp-image-25908 size-full\" srcset=\"https:\/\/bomberosfunes.com\/wp-content\/uploads\/2021\/09\/PicsArt_08-04-04.45.45-764x1024.jpg 764w, https:\/\/bomberosfunes.com\/wp-content\/uploads\/2021\/09\/PicsArt_08-04-04.45.45-224x300.jpg 224w, https:\/\/bomberosfunes.com\/wp-content\/uploads\/2021\/09\/PicsArt_08-04-04.45.45-768x1029.jpg 768w, https:\/\/bomberosfunes.com\/wp-content\/uploads\/2021\/09\/PicsArt_08-04-04.45.45.jpg 955w\" sizes=\"auto, (max-width: 764px) 100vw, 764px\" \/><\/figure><div class=\"wp-block-media-text__content\">\n<p class=\"has-text-align-left has-white-color has-text-color\" style=\"font-size:clamp(14px, 0.875rem + ((1vw - 3.2px) * 0.098), 15px);\"><em>\u201cSiendo las 14:35 hs. del d\u00eda 10\/08\/1996, la Central de Emergencias da aviso al Cuartel de un accidente de tr\u00e1nsito en el Km 326. Se sale hacia el lugar donde se constata la colisi\u00f3n de tres veh\u00edculos, un cami\u00f3n Fiat IVECO, un auto Chevette y un auto Renault 19. Se encontraba presente en el lugar la Ambulancia del dispensario municipal y la seccional N\u00b0 23. No se registraron v\u00edctimas por lo que se procedi\u00f3 a desconectar bater\u00edas de los tres veh\u00edculos. Se regres\u00f3 al cuartel a las 15:30 hs.\u201d<\/em><\/p>\n<\/div><\/div>\n\n\n\n<div class=\"wp-block-media-text alignwide has-media-on-the-right is-stacked-on-mobile\"><figure class=\"wp-block-media-text__media\"><img loading=\"lazy\" decoding=\"async\" width=\"1024\" height=\"713\" src=\"https:\/\/bomberosfunes.com\/wp-content\/uploads\/2021\/09\/CamScanner-08-03-2021-16.47-Pagina-1-1024x713.jpg\" alt=\"\" class=\"wp-image-25910 size-large\" srcset=\"https:\/\/bomberosfunes.com\/wp-content\/uploads\/2021\/09\/CamScanner-08-03-2021-16.47-Pagina-1-1024x713.jpg 1024w, https:\/\/bomberosfunes.com\/wp-content\/uploads\/2021\/09\/CamScanner-08-03-2021-16.47-Pagina-1-300x209.jpg 300w, https:\/\/bomberosfunes.com\/wp-content\/uploads\/2021\/09\/CamScanner-08-03-2021-16.47-Pagina-1-768x535.jpg 768w, https:\/\/bomberosfunes.com\/wp-content\/uploads\/2021\/09\/CamScanner-08-03-2021-16.47-Pagina-1-1536x1070.jpg 1536w, https:\/\/bomberosfunes.com\/wp-content\/uploads\/2021\/09\/CamScanner-08-03-2021-16.47-Pagina-1-2048x1427.jpg 2048w\" sizes=\"auto, (max-width: 1024px) 100vw, 1024px\" \/><\/figure><div class=\"wp-block-media-text__content\">\n<p class=\"has-text-align-right has-white-color has-text-color\" style=\"font-size:clamp(14px, 0.875rem + ((1vw - 3.2px) * 0.392), 18px);\">La Cooperativa Telef\u00f3nica de Funes el 10 de Septiembre del mismo a\u00f1o procedi\u00f3 a la instalaci\u00f3n de la l\u00ednea telef\u00f3nica 4932319, quedando habilitado el tel\u00e9fono con el n\u00famero 100 el 19 de Septiembre de 1996<\/p>\n<\/div><\/div>\n\n\n\n<div class=\"wp-block-media-text alignwide is-stacked-on-mobile\"><figure class=\"wp-block-media-text__media\"><img loading=\"lazy\" decoding=\"async\" width=\"1024\" height=\"793\" src=\"https:\/\/bomberosfunes.com\/wp-content\/uploads\/2021\/09\/NuevoDocumento-08-03-2021-12.27-Pagina-8-1024x793.jpg\" alt=\"\" class=\"wp-image-25915 size-full\" srcset=\"https:\/\/bomberosfunes.com\/wp-content\/uploads\/2021\/09\/NuevoDocumento-08-03-2021-12.27-Pagina-8-1024x793.jpg 1024w, https:\/\/bomberosfunes.com\/wp-content\/uploads\/2021\/09\/NuevoDocumento-08-03-2021-12.27-Pagina-8-300x232.jpg 300w, https:\/\/bomberosfunes.com\/wp-content\/uploads\/2021\/09\/NuevoDocumento-08-03-2021-12.27-Pagina-8-768x595.jpg 768w, https:\/\/bomberosfunes.com\/wp-content\/uploads\/2021\/09\/NuevoDocumento-08-03-2021-12.27-Pagina-8-1536x1190.jpg 1536w, https:\/\/bomberosfunes.com\/wp-content\/uploads\/2021\/09\/NuevoDocumento-08-03-2021-12.27-Pagina-8-2048x1587.jpg 2048w\" sizes=\"auto, (max-width: 1024px) 100vw, 1024px\" \/><\/figure><div class=\"wp-block-media-text__content\">\n<p class=\"has-white-color has-text-color\" style=\"font-size:clamp(14px, 0.875rem + ((1vw - 3.2px) * 0.392), 18px);\">Con el fin de convocar a los Bomberos ante un siniestro el 31 de Julio de 1997 se aprueba la compra de cables para la instalaci\u00f3n de una Sirena, que con ayuda de los Bomberos Voluntarios de la Ciudad de Rold\u00e1n se comenz\u00f3 con la instalaci\u00f3n de la misma, donada por el Sr. Aguilar y Jos\u00e9 Luis Carmona.<\/p>\n\n\n\n<p class=\"has-white-color has-text-color\" style=\"font-size:clamp(14px, 0.875rem + ((1vw - 3.2px) * 0.392), 18px);\">El d\u00eda 25 de Agosto de 1998 se compra el autobomba Ford 600 modelo 1995.<\/p>\n<\/div><\/div>\n\n\n\n<div class=\"wp-block-media-text alignwide has-media-on-the-right is-stacked-on-mobile\" style=\"grid-template-columns:auto 49%\"><figure class=\"wp-block-media-text__media\"><img loading=\"lazy\" decoding=\"async\" width=\"1024\" height=\"730\" src=\"https:\/\/bomberosfunes.com\/wp-content\/uploads\/2021\/09\/NuevoDocumento-08-03-2021-12.27-Pagina-6-1024x730.jpg\" alt=\"\" class=\"wp-image-25919 size-full\" srcset=\"https:\/\/bomberosfunes.com\/wp-content\/uploads\/2021\/09\/NuevoDocumento-08-03-2021-12.27-Pagina-6-1024x730.jpg 1024w, https:\/\/bomberosfunes.com\/wp-content\/uploads\/2021\/09\/NuevoDocumento-08-03-2021-12.27-Pagina-6-300x214.jpg 300w, https:\/\/bomberosfunes.com\/wp-content\/uploads\/2021\/09\/NuevoDocumento-08-03-2021-12.27-Pagina-6-768x548.jpg 768w, https:\/\/bomberosfunes.com\/wp-content\/uploads\/2021\/09\/NuevoDocumento-08-03-2021-12.27-Pagina-6-1536x1095.jpg 1536w, https:\/\/bomberosfunes.com\/wp-content\/uploads\/2021\/09\/NuevoDocumento-08-03-2021-12.27-Pagina-6-2048x1460.jpg 2048w\" sizes=\"auto, (max-width: 1024px) 100vw, 1024px\" \/><\/figure><div class=\"wp-block-media-text__content\">\n<p class=\"has-text-align-right has-white-color has-text-color\" style=\"font-size:clamp(14px, 0.875rem + ((1vw - 3.2px) * 0.392), 18px);\">Con el paso del tiempo y la ayuda de la comunidad el cuerpo activo fue creciendo al igual que el cuartel, incorpor\u00e1ndose nuevos numerarios as\u00ed como tambi\u00e9n se hizo la incorporaci\u00f3n de nuevos m\u00f3viles.<br><br>Cabe destacar que fue de vital importancia el apoyo recibido de parte tanto de los Funenses como de la Federaci\u00f3n como ente formador de nuestro personal para el crecimiento y consolidaci\u00f3n de lo que hoy es la Asociaci\u00f3n Bomberos Voluntarios de Funes.&nbsp;<br><br><\/p>\n<\/div><\/div>\n\n\n\n<p style=\"font-size:clamp(14px, 0.875rem + ((1vw - 3.2px) * 0.392), 18px);\">En&nbsp; la actualidad nuestro cuartel se encuentra constituido por 8 m\u00f3viles y 11 Bomberos Voluntarios que se encuentran en constante formaci\u00f3n.&nbsp; Adem\u00e1s contamos con una \u201cEscuela de cadetes\u201d donde chicos de 12 a 17 a\u00f1os realizan actividades asociadas al trabajo bomberil.<\/p>\n\n\n\n<div class=\"wp-block-media-text alignwide is-stacked-on-mobile\" style=\"grid-template-columns:67% auto\"><figure class=\"wp-block-media-text__media\"><img loading=\"lazy\" decoding=\"async\" width=\"1024\" height=\"766\" src=\"https:\/\/bomberosfunes.com\/wp-content\/uploads\/2021\/09\/IMG-20210713-WA0108-01-1024x766.jpeg\" alt=\"\" class=\"wp-image-25922 size-large\" srcset=\"https:\/\/bomberosfunes.com\/wp-content\/uploads\/2021\/09\/IMG-20210713-WA0108-01-1024x766.jpeg 1024w, https:\/\/bomberosfunes.com\/wp-content\/uploads\/2021\/09\/IMG-20210713-WA0108-01-300x224.jpeg 300w, https:\/\/bomberosfunes.com\/wp-content\/uploads\/2021\/09\/IMG-20210713-WA0108-01-768x575.jpeg 768w, https:\/\/bomberosfunes.com\/wp-content\/uploads\/2021\/09\/IMG-20210713-WA0108-01.jpeg 1160w\" sizes=\"auto, (max-width: 1024px) 100vw, 1024px\" \/><\/figure><div class=\"wp-block-media-text__content\">\n<p class=\"has-white-color has-text-color\" style=\"font-size:clamp(14px, 0.875rem + ((1vw - 3.2px) * 0.392), 18px);\">A la fecha nos encontramos en constante b\u00fasqueda de nuevos aspirantes con el objeto de ir formando las nuevas generaciones de bomberos para mantener activa la instituci\u00f3n en pro del servicio brindado a la ciudad de Funes.<\/p>\n<\/div><\/div>\n<\/div><\/div>\n\n\n\n<div class=\"wp-block-group alignfull is-layout-flow wp-block-group-is-layout-flow\"><\/div>\n\n\n\n\n","protected":false},"excerpt":{"rendered":"","protected":false},"author":1,"featured_media":0,"parent":0,"menu_order":0,"comment_status":"closed","ping_status":"closed","template":"","meta":{"om_disable_all_campaigns":false,"_uag_custom_page_level_css":"","_monsterinsights_skip_tracking":false,"_monsterinsights_sitenote_active":false,"_monsterinsights_sitenote_note":"","_monsterinsights_sitenote_category":0,"site-sidebar-layout":"no-sidebar","site-content-layout":"plain-container","ast-site-content-layout":"default","site-content-style":"default","site-sidebar-style":"default","ast-global-header-display":"","ast-banner-title-visibility":"","ast-main-header-display":"","ast-hfb-above-header-display":"","ast-hfb-below-header-display":"","ast-hfb-mobile-header-display":"","site-post-title":"disabled","ast-breadcrumbs-content":"","ast-featured-img":"","footer-sml-layout":"","ast-disable-related-posts":"","theme-transparent-header-meta":"enabled","adv-header-id-meta":"","stick-header-meta":"","header-above-stick-meta":"","header-main-stick-meta":"","header-below-stick-meta":"","astra-migrate-meta-layouts":"default","ast-page-background-enabled":"default","ast-page-background-meta":{"desktop":{"background-color":"var(--ast-global-color-4)","background-image":"","background-repeat":"repeat","background-position":"center center","background-size":"auto","background-attachment":"scroll","background-type":"","background-media":"","overlay-type":"","overlay-color":"","overlay-opacity":"","overlay-gradient":""},"tablet":{"background-color":"","background-image":"","background-repeat":"repeat","background-position":"center center","background-size":"auto","background-attachment":"scroll","background-type":"","background-media":"","overlay-type":"","overlay-color":"","overlay-opacity":"","overlay-gradient":""},"mobile":{"background-color":"","background-image":"","background-repeat":"repeat","background-position":"center center","background-size":"auto","background-attachment":"scroll","background-type":"","background-media":"","overlay-type":"","overlay-color":"","overlay-opacity":"","overlay-gradient":""}},"ast-content-background-meta":{"desktop":{"background-color":"var(--ast-global-color-5)","background-image":"","background-repeat":"repeat","background-position":"center center","background-size":"auto","background-attachment":"scroll","background-type":"","background-media":"","overlay-type":"","overlay-color":"","overlay-opacity":"","overlay-gradient":""},"tablet":{"background-color":"var(--ast-global-color-5)","background-image":"","background-repeat":"repeat","background-position":"center center","background-size":"auto","background-attachment":"scroll","background-type":"","background-media":"","overlay-type":"","overlay-color":"","overlay-opacity":"","overlay-gradient":""},"mobile":{"background-color":"var(--ast-global-color-5)","background-image":"","background-repeat":"repeat","background-position":"center center","background-size":"auto","background-attachment":"scroll","background-type":"","background-media":"","overlay-type":"","overlay-color":"","overlay-opacity":"","overlay-gradient":""}},"footnotes":""},"class_list":["post-357","page","type-page","status-publish","hentry"],"aioseo_notices":[],"uagb_featured_image_src":{"full":false,"thumbnail":false,"medium":false,"medium_large":false,"large":false,"1536x1536":false,"2048x2048":false},"uagb_author_info":{"display_name":"develop0001","author_link":"https:\/\/bomberosfunes.com\/index.php\/author\/develop0001\/"},"uagb_comment_info":0,"uagb_excerpt":null,"_links":{"self":[{"href":"https:\/\/bomberosfunes.com\/index.php\/wp-json\/wp\/v2\/pages\/357","targetHints":{"allow":["GET"]}}],"collection":[{"href":"https:\/\/bomberosfunes.com\/index.php\/wp-json\/wp\/v2\/pages"}],"about":[{"href":"https:\/\/bomberosfunes.com\/index.php\/wp-json\/wp\/v2\/types\/page"}],"author":[{"embeddable":true,"href":"https:\/\/bomberosfunes.com\/index.php\/wp-json\/wp\/v2\/users\/1"}],"replies":[{"embeddable":true,"href":"https:\/\/bomberosfunes.com\/index.php\/wp-json\/wp\/v2\/comments?post=357"}],"version-history":[{"count":32,"href":"https:\/\/bomberosfunes.com\/index.php\/wp-json\/wp\/v2\/pages\/357\/revisions"}],"predecessor-version":[{"id":25994,"href":"https:\/\/bomberosfunes.com\/index.php\/wp-json\/wp\/v2\/pages\/357\/revisions\/25994"}],"wp:attachment":[{"href":"https:\/\/bomberosfunes.com\/index.php\/wp-json\/wp\/v2\/media?parent=357"}],"curies":[{"name":"wp","href":"https:\/\/api.w.org\/{rel}","templated":true}]}}